it of 183901588?
0
What is the ten millions digit of 5090681375?
9
What is the tens digit of 5190216121?
2
What is the ten thousands digit of 535785995?
8
What is the ten thousands digit of 2743181925?
8
What is the ten millions digit of 154140426?
5
What is the thousands digit of 49516913?
6
What is the thousands digit of 6185037785?
7
What is the millions digit of 91208708?
1
What is the millions digit of 27063330?
7
What is the millions digit of 278374217?
8
What is the thousands digit of 226856942?
6
What is the ten millions digit of 485605913?
8
What is the tens digit of 2745055720?
2
What is the tens digit of 3266742544?
4
What is the hundreds digit of 139541645?
6
What is the hundred thousands digit of 869221926?
2
What is the units digit of 500864897?
7
What is the thousands digit of 339197531?
7
What is the hundreds digit of 210165602?
6
What is the thousands digit of 23713955?
3
What is the thousands digit of 57674877?
4
What is the hundred millions digit of 121694717?
1
What is the thousands digit of 1311036442?
6
What is the millions digit of 579929469?
9
What is the ten millions digit of 311633235?
1
What is the millions digit of 810215344?
0
What is the hundreds digit of 57862385?
3
What is the tens digit of 235820890?
9
What is the units digit of 521702708?
8
What is the tens digit of 2329076713?
1
What is the thousands digit of 836727137?
7
What is the thousands digit of 541499220?
9
What is the units digit of 265406994?
4
What is the millions digit of 823542670?
3
What is the millions digit of 1687024577?
7
What is the millions digit of 123991074?
3
What is the hundred thousands digit of 18927831?
9
What is the tens digit of 390403816?
1
What is the hundreds digit of 58116723?
7
What is the hundreds digit of 7202702517?
5
What is the thousands digit of 924160993?
0
What is the ten millions digit of 23226308?
2
What is the hundred thousands digit of 184781021?
7
What is the ten millions digit of 112233801?
1
What is the hundred thousands digit of 1540434352?
4
What is the ten millions digit of 49075597?
4
What is the units digit of 134591197?
7
What is the hundred thousands digit of 43575614?
5
What is the units digit of 171411452?
2
What is the ten millions digit of 32761763?
3
What is the thousands digit of 63115302?
5
What is the thousands digit of 73619244?
9
What is the tens digit of 1953948417?
1
What is the units digit of 184410275?
5
What is the millions digit of 6048107043?
8
What is the thousands digit of 407810663?
0
What is the thousands digit of 64674401?
4
What is the hundred thousands digit of 6976262?
9
What is the ten millions digit of 245491589?
4
What is the tens digit of 40187880?
8
What is the hundreds digit of 249787031?
0
What is the tens digit of 436547841?
4
What is the millions digit of 16004759?
6
What is the ten thousands digit of 619781972?
8
What is the thousands digit of 2489390477?
0
What is the tens digit of 742928206?
0
What is the hundred thousands digit of 2974399390?
3
What is the hundred thousands digit of 567904572?
9
What is the units digit of 9289308?
8
What is the hundred thousands digit of 449210527?
2
What is the tens digit of 3031393894?
9
What is the hundred millions digit of 232987923?
2
What is the ten thousands digit of 460332549?
3
What is the units digit of 148780273?
3
What is the units digit of 362883792?
2
What is the tens digit of 3157493?
9
What is the millions digit of 113841084?
3
What is the ten millions digit of 1708295319?
0
What is the ten millions digit of 23463752?
2
What is the hundred thousands digit of 5255360067?
3
What is the millions digit of 50088704?
0
What is the tens digit of 620214527?
2
What is the thousands digit of 57423291?
3
What is the ten millions digit of 177093577?
7
What is the thousands digit of 1809749870?
9
What is the ten thousands digit of 98910825?
1
What is the hundred thousands digit of 22699857?
6
What is the units digit of 7707066?
6
What is the ten millions digit of 2045392675?
4
What is the hundreds digit of 18457374?
3
What is the units digit of 7086891167?
7
What is the ten thousands digit of 76890117?
9
What is the hundred millions digit of 172099750?
1
What is the thousands digit of 11830513?
0
What is the tens digit of 1041945?
4
What is the millions digit of 381119390?
1
What is the units digit of 1275301288?
8
What is the ten millions digit of 724239056?
2
What is the hundreds digit of 1364230254?
2
What is the hundred millions digit of 1906453949?
9
What is the ten millions digit of 19654119?
1
What is the millions digit of 637730699?
7
What is the units digit of 397848645?
5
What is the millions digit of 2017493276?
7
What is the hundred thousands digit of 738912570?
9
What is the ten thousands digit of 79272107?
7
What is the hundred millions digit of 1347901869?
3
What is the ten thousands digit of 345014?
4
What is the hundreds digit of 427382559?
5
What is the hundred thousands digit of 14328018?
3
What is the hundred thousands digit of 14717915?
7
What is the hundred thousands digit of 926663646?
6
What is the ten thousands digit of 122426059?
2
What is the hundred thousands digit of 3199903326?
9
What is the tens digit of 656013449?
4
What is the thousands digit of 280110491?
0
What is the hundred millions digit of 5665376420?
6
What is the millions digit of 6008126?
6
What is the units digit of 544635416?
6
What is the hundred thousands digit of 43007775?
0
What is the ten thousands digit of 187770968?
7
What is the ten millions digit of 32387757?
3
What is the ten thousands digit of 12928253?
2
What is the tens digit of 104375514?
1
What is the units digit of 4493617115?
5
What is the millions digit of 18548859?
8
What is the hundreds digit of 161121858?
8
What is the hundreds digit of 1550526736?
7
What is the ten thousands digit of 6660283302?
8
What is the units digit of 10646860?
0
What is the units digit of 131076593?
3
What is the thousands digit of 249479823?
9
What is the units digit of 68955147?
7
What is the hundreds digit of 1993489394?
3
What is the hundred thousands digit of 2972866814?
8
What is the ten thousands digit of 148803304?
0
What is the ten thousands digit of 64505823?
0
What is the ten millions digit of 207533510?
0
What is the units digit of 463445085?
5
What is the units digit of 1031625255?
5
What is the ten thousands digit of 43489725?
8
What is the hundreds digit of 360280875?
8
What is the millions digit of 41272467?
1
What is the tens digit of 327911780?
8
What is the millions digit of 54131637?
4
What is the tens digit of 342003259?
5
What is the billions digit of 1158761481?
1
What is the hundred thousands digit of 488318078?
3
What is the ten thousands digit of 54877165?
7
What is the thousands digit of 37195934?
5
What is the hundreds digit of 6180565984?
9
What is the hundred millions digit of 268739679?
2
What is the hundred thousands digit of 31781385?
7
What is the thousands digit of 111816855?
6
What is the hundred thousands digit of 28673387?
6
What is the units digit of 2344318732?
2
What is the hundred millions digit of 258674441?
2
What is the billions digit of 1692371507?
1
What is the thousands digit of 50577056?
7
What is the millions digit of 84251792?
4
What is the tens digit of 2370241958?
5
What is the hundred millions digit of 566190175?
5
What is the ten millions digit of 28964371?
2
What is the hundred thousands digit of 9946201?
9
What is the thousands digit of 1145404403?
4
What is the hundreds digit of 45374586?
5
What is the tens digit of 46607064?
6
What is the ten thousands digit of 557340826?
4
What is the hundred thousands digit of 76214033?
2
What is the ten millions digit of 95844601?
9
What is the tens digit of 60349245?
4
What is the ten thousands digit of 9772473?
7
What is the ten millions digit of 4175347280?
7
What is the hundred millions digit of 545108477?
5
What is the hundred millions digit of 5801721178?
8
What is the ten millions digit of 13938396?
1
What is the ten thousands digit of 238641123?
4
What is the units digit of 4479188343?
3
What is the units digit of 31588529?
9
What is the hundreds digit of 193289677?
6
What is the units digit of 66691600?
0
What is the tens digit of 43502004?
0
What is the thousands digit of 35879252?
9